{"id":60,"date":"2009-09-25T07:34:10","date_gmt":"2009-09-25T04:34:10","guid":{"rendered":"https:\/\/a.rahvaroivad.archaeovision.eu\/?post_type=rahvaroivad&#038;p=60"},"modified":"2020-11-06T09:27:01","modified_gmt":"2020-11-06T07:27:01","slug":"uudised","status":"publish","type":"page","link":"https:\/\/stage.rahvaroivad.ee\/uudised\/","title":{"rendered":"Uudised"},"content":{"rendered":"\n<h2 class=\"wp-block-heading\">Seekordne Mardilaat toimub virtuaalmaailmas <\/h2>\n\n\n\n<p>Traditsiooniline Mardilaat Saku Suurhallis kolib sel aastal virtuaalmaailma. 6.-8. novembril toimub Mardilaat virtuaalselt. Lehel <a href=\"http:\/\/mardilaat.ee\">mardilaat.ee<\/a> saate eelnimetatud kuup\u00e4evadel ikka tutvuda ja osta tunnustatud, eriilmelist Eesti k\u00e4sit\u00f6\u00f6d. <\/p>\n\n\n\n<p>Olenemata sellest, et suur Mardilaat Saku Suurhallis j\u00e4eti inimeste turvalisuse huvides \u00e4ra, toimuvad mitmetes paikkondades v\u00e4iksemad Mardilaadad. Paikkondlike laatade kohta leiab enam infot <a href=\"https:\/\/mardilaat.ee\/mardilaatade-kaart\/\">siin<\/a>.<\/p>\n\n\n\n<figure class=\"wp-block-image size-large\"><img decoding=\"async\" src=\"https:\/\/cms.rahvaroivad.ee\/assets\/kutse_Mardilaat.jpg\" alt=\"\" class=\"wp-image-15130\"\/><\/figure>\n\n\n\n<p>Kohtumiseni Mardilaadal!<\/p>\n","protected":false},"excerpt":{"rendered":"<p>XXI Mardilaada parimad on valitud<\/p>\n","protected":false},"author":1,"featured_media":0,"parent":0,"menu_order":0,"comment_status":"closed","ping_status":"closed","template":"","meta":{"footnotes":""},"class_list":["post-60","page","type-page","status-publish","hentry","entry"],"featured_media_parent":false,"featured_media_orientation":false,"featured_media_width":false,"featured_media_height":false,"menu":false,"_links":{"self":[{"href":"https:\/\/stage.cms.rahvaroivad.ee\/\/wp-json\/wp\/v2\/pages\/60","targetHints":{"allow":["GET"]}}],"collection":[{"href":"https:\/\/stage.cms.rahvaroivad.ee\/\/wp-json\/wp\/v2\/pages"}],"about":[{"href":"https:\/\/stage.cms.rahvaroivad.ee\/\/wp-json\/wp\/v2\/types\/page"}],"author":[{"embeddable":true,"href":"https:\/\/stage.cms.rahvaroivad.ee\/\/wp-json\/wp\/v2\/users\/1"}],"replies":[{"embeddable":true,"href":"https:\/\/stage.cms.rahvaroivad.ee\/\/wp-json\/wp\/v2\/comments?post=60"}],"version-history":[{"count":2,"href":"https:\/\/stage.cms.rahvaroivad.ee\/\/wp-json\/wp\/v2\/pages\/60\/revisions"}],"predecessor-version":[{"id":15131,"href":"https:\/\/stage.cms.rahvaroivad.ee\/\/wp-json\/wp\/v2\/pages\/60\/revisions\/15131"}],"wp:attachment":[{"href":"https:\/\/stage.cms.rahvaroivad.ee\/\/wp-json\/wp\/v2\/media?parent=60"}],"curies":[{"name":"wp","href":"https:\/\/api.w.org\/{rel}","templated":true}]}}