{"id":555,"date":"2019-01-28T05:41:30","date_gmt":"2019-01-28T03:41:30","guid":{"rendered":"https:\/\/a.rahvaroivad.archaeovision.eu\/?post_type=rahvaroivad&#038;p=555"},"modified":"2024-03-24T14:18:57","modified_gmt":"2024-03-24T12:18:57","slug":"virumaa","status":"publish","type":"page","link":"https:\/\/stage.rahvaroivad.ee\/nouandekojad\/virumaa\/","title":{"rendered":"Virumaa rahvar\u00f5iva n\u00f5uandekoda"},"content":{"rendered":"\n<div class=\"wp-block-image\"><figure class=\"alignright size-full is-resized\"><img loading=\"lazy\" decoding=\"async\" src=\"https:\/\/cms.rahvaroivad.ee\/assets\/Viru-Jaagupi_mees_pikk-kuues_mees-scaled.jpg\" alt=\"\" class=\"wp-image-12433\" width=\"427\" height=\"640\"\/><\/figure><\/div>\n\n\n\n<h2 class=\"wp-block-heading\">Asukoht<\/h2>\n\n\n\n<p>Viru K\u00e4sit\u00f6\u00f6salong<br>Pikk 16<br>Rakvere 44307<\/p>\n\n\n\n<h2 class=\"wp-block-heading\">Kontakt<\/h2>\n\n\n\n<p>E-post: <a href=\"mailto:viru.kasitoo@mail.ee\">viru.kasitoo@mail.ee<\/a>  <br>Tel: +372 5143795<br><a href=\"http:\/\/www.aale.ee\">Veebileht<\/a> <\/p>\n\n\n\n<h2 class=\"wp-block-heading\">N\u00f5ustajad<\/h2>\n\n\n\n<ul class=\"wp-block-list\"><li>Kersti Loite \u2013 T\u00dc Viljandi Kultuuriakadeemia p\u00e4randtehnoloogia magister, 7. taseme kutsetunnistusega rahvar\u00f5ivameister<\/li><li>Larissa Omler \u2013 pikaaegse kogemusega rahvar\u00f5ivameister ja juhendaja<\/li><\/ul>\n\n\n\n<h2 class=\"wp-block-heading\">N\u00f5ustamine<\/h2>\n\n\n\n<ul class=\"wp-block-list\"><li>L\u00fchikonsultatsioonid Viru K\u00e4sit\u00f6\u00f6 Salongi lahtiolekuaegadel;<\/li><li>P\u00f5hjalikumad konsultatsioonid eelnevalt kokkulepitud aegadel v\u00f5i e-kirja teel;<\/li><li>V\u00f5imalus tutvuda n\u00e4idiskomplektide, algallikate andmebaasi, metoodilise vahendite, materjalide ja t\u00f6\u00f6vahenditega.<\/li><\/ul>\n\n\n\n<h2 class=\"wp-block-heading\">Kihelkonnad<\/h2>\n\n\n\n<p>N\u00f5uandekoda kogub, valdab ja jagab informatsiooni j\u00e4rgmiste kihelkondade rahvar\u00f5ivaste kohta: <\/p>\n\n\n\n<ul class=\"wp-block-list\"><li>K\u00f5ik Virumaa kihelkonnad;<\/li><li>Harjumaa ja J\u00e4rvamaa kihelkonnad;<\/li><li>Valikuliselt teiste Eesti piirkondade kihelkonnad, mille rahvar\u00f5ivaste valmistamise kogemus on olemas.<\/li><\/ul>\n\n\n\n<h2 class=\"wp-block-heading\">Materjalid<\/h2>\n\n\n\n<p>Metoodiliste materjalide, n\u00e4idiste ja ajalooliste esemete loetelu: <\/p>\n\n\n\n<ul class=\"wp-block-list\"><li>p\u00fcsiekspositsioon Virumaa kihelkondade rahvar\u00f5ivaste n\u00e4idiskomplektidest markeeritud talutoas ja salongis;<\/li><li>erakogudes ja erinevates muuseumides hoiul olevate Virumaa rahvar\u00f5ivaste ajalooliste originaalesemete andmebaas;<\/li><li>arhiivimaterjalid Virumaa kohta;<\/li><li>rahvar\u00f5ivaste ja erinevate k\u00e4sit\u00f6\u00f6 tehnikate alane kirjandus, teaduslike artiklite koopiad;<\/li><li>Virumaa rahvar\u00f5ivakooli l\u00f5put\u00f6\u00f6d;<\/li><li>t\u00f6\u00f6joonised, fotod ja t\u00f6\u00f6proovid valmistatud komplektidest.<\/li><\/ul>\n\n\n\n<h2 class=\"wp-block-heading\">Rakvere rahvar\u00f5ivap\u00e4eva ettekanded<\/h2>\n\n\n\n<p><a href=\"https:\/\/drive.google.com\/file\/d\/1BWgxL6Ln6dSOUMg4D8xXZ0a1A1YI6SAJ\/view?usp=sharing\" target=\"_blank\" rel=\"noreferrer noopener\">Igor T\u00f5nurist &#8211; rahvar\u00f5ivateema eestk\u00f5neleja. <\/a>Liivi Soova<\/p>\n\n\n\n<p><a href=\"https:\/\/drive.google.com\/file\/d\/1ToNStZ6tmD0_GxPsuGPsnFjsc_onK-wu\/view?usp=sharing\" target=\"_blank\" rel=\"noreferrer noopener\">See T\u00f5nuristi Igor oli kiekim mies\u2026<\/a> Marju K\u00f5ivupuu<\/p>\n\n\n\n<p><a href=\"https:\/\/drive.google.com\/file\/d\/1fMe-ld-HVvqjNvQpMa41caqrrlZhpVv-\/view?usp=sharing\" target=\"_blank\" rel=\"noreferrer noopener\">Rahvar\u00f5ivad ja \u00fclikool.<\/a> Ave Matsin<\/p>\n\n\n\n<p><a href=\"https:\/\/drive.google.com\/file\/d\/1FAvTofEiZ5N60Ku78TjUhYbbAlxB2nYF\/view?usp=sharing\" target=\"_blank\" rel=\"noreferrer noopener\">Esemelised leiud Iisaku muuseumis.<\/a> Mari Oolberg ja Liivi M\u00f6lder<\/p>\n\n\n\n<p><a href=\"https:\/\/drive.google.com\/file\/d\/16LLje0MJVzqjVXTAsFfWgxl7F-Gvk95W\/view?usp=sharing\" target=\"_blank\" rel=\"noreferrer noopener\">Rahvar\u00f5ivas ja mood.<\/a> Kristi J\u00f5este<\/p>\n\n\n\n<p><a rel=\"noreferrer noopener\" href=\"https:\/\/drive.google.com\/file\/d\/1awm2Q5_EahX-5oV6wUYPV_ZNn_oFTOvX\/view?usp=sharing\" target=\"_blank\">Miks rahvar\u00f5ivis neiu parteijuhi ees lahti riietus, kuidas Seppade tants \u00e4hvardas v\u00e4ljaku p\u00f5lema panna\u2026 ja muid uskumatuid lugusid rahvariidekandjast rahvatantsija argip\u00e4evast l\u00e4bi poole sajandi. <\/a>Rein Sikk<\/p>\n\n\n\n<p>Rakvere rahvar\u00f5ivap\u00e4eva ettekanded filmis Jaanus Lekk.<\/p>\n","protected":false},"excerpt":{"rendered":"<p>Asukoht Viru K\u00e4sit\u00f6\u00f6salongPikk 16Rakvere 44307 Kontakt E-post: viru.kasitoo@mail.ee Tel: +372 5143795Veebileht N\u00f5ustajad Kersti Loite \u2013 T\u00dc Viljandi Kultuuriakadeemia p\u00e4randtehnoloogia magister, 7. taseme kutsetunnistusega rahvar\u00f5ivameister Larissa Omler \u2013 pikaaegse kogemusega rahvar\u00f5ivameister ja juhendaja N\u00f5ustamine L\u00fchikonsultatsioonid Viru K\u00e4sit\u00f6\u00f6 Salongi lahtiolekuaegadel; P\u00f5hjalikumad konsultatsioonid eelnevalt kokkulepitud aegadel v\u00f5i e-kirja teel; V\u00f5imalus tutvuda n\u00e4idiskomplektide, algallikate andmebaasi, metoodilise vahendite, materjalide ja [&hellip;]<\/p>\n","protected":false},"author":1,"featured_media":0,"parent":9003,"menu_order":0,"comment_status":"closed","ping_status":"closed","template":"","meta":{"footnotes":""},"class_list":["post-555","page","type-page","status-publish","hentry","entry"],"featured_media_parent":false,"featured_media_orientation":false,"featured_media_width":false,"featured_media_height":false,"menu":453,"_links":{"self":[{"href":"https:\/\/stage.cms.rahvaroivad.ee\/\/wp-json\/wp\/v2\/pages\/555","targetHints":{"allow":["GET"]}}],"collection":[{"href":"https:\/\/stage.cms.rahvaroivad.ee\/\/wp-json\/wp\/v2\/pages"}],"about":[{"href":"https:\/\/stage.cms.rahvaroivad.ee\/\/wp-json\/wp\/v2\/types\/page"}],"author":[{"embeddable":true,"href":"https:\/\/stage.cms.rahvaroivad.ee\/\/wp-json\/wp\/v2\/users\/1"}],"replies":[{"embeddable":true,"href":"https:\/\/stage.cms.rahvaroivad.ee\/\/wp-json\/wp\/v2\/comments?post=555"}],"version-history":[{"count":5,"href":"https:\/\/stage.cms.rahvaroivad.ee\/\/wp-json\/wp\/v2\/pages\/555\/revisions"}],"predecessor-version":[{"id":35963,"href":"https:\/\/stage.cms.rahvaroivad.ee\/\/wp-json\/wp\/v2\/pages\/555\/revisions\/35963"}],"up":[{"embeddable":true,"href":"https:\/\/stage.cms.rahvaroivad.ee\/\/wp-json\/wp\/v2\/pages\/9003"}],"wp:attachment":[{"href":"https:\/\/stage.cms.rahvaroivad.ee\/\/wp-json\/wp\/v2\/media?parent=555"}],"curies":[{"name":"wp","href":"https:\/\/api.w.org\/{rel}","templated":true}]}}